3
Let b(x) = -2*x + 12. Let k be 2/5*-51 + (-26)/(-65). Let q be b(k). Suppose 7*s - 171 + q = 0. What is the units digit of s?
7
Let u(k) = -32*k**2 - 6*k + 3. Suppose 4*n + 0*n = 4*q + 12, n - 13 = -4*q. Let h be u(q). Let y = h + 217. What is the tens digit of y?
8
Let w(x) = -8*x - 43. Let g be w(-8). Suppose -g*t = -17*t + 16. What is the units digit of -1 + (-1 - t) + (162 - 1)?
3
Let n be (20/2)/(18/4887). Suppose 212*m - 217*m + n = 0. What is the tens digit of m?
4
Suppose 0 = 2*v - 5*v + 78. Let d = -23 + v. Suppose -310 = -d*g + 134. What is the units digit of g?
8
Let j(u) = 9*u**2 + 6*u + 18. Let b be j(-3). Let o = b + 113. What is the units digit of o?
4
Let q(d) = -47 - 578*d + 11 + 14 + 20. What is the tens digit of q(-1)?
7
What is the thousands digit of (-2 + 5071/(-33))*-9?
1
Let b(u) be the third derivative of -7*u**4/4 - 2*u**3/3 - 12*u**2. Let n be b(-2). Suppose 55 = n*x - 79*x. What is the tens digit of x?
5
Let f(p) = -256*p - 64. Let g be f(18). What is the tens digit of 60/210 - g/14?
3
Let t = 40383 + 8683. What is the hundreds digit of t?
0
Suppose -p + 12547 + 20553 = 4*r, -5*p + 165600 = -5*r. What is the units digit of p?
6
Let o(m) = -7*m**2 - 6*m - 10. Let d be o(-2). Let u = 43 + d. Let b(s) = -s**3 + 19*s**2 - 28*s + 15. What is the tens digit of b(u)?
1
Let z(l) = l**2 + 40*l - 868. What is the tens digit of z(38)?
9
Suppose -13*q - 42842 = -79929 - 101233. What is the units digit of q?
0
Let g = -14516 - -27953. What is the hundreds digit of g?
4
Let q(g) = -2*g**2 + 125*g + 210. What is the tens digit of q(62)?
7
Suppose -2*s - 25*p + 27*p + 15046 = 0, 2*s - 15028 = -4*p. What is the hundreds digit of s?
5
Let r(n) = 748*n**2 + 528*n + 34. What is the units digit of r(-8)?
2
Suppose m = 2*q + 2*m + 61, -2*m + 88 = -3*q. Let i = q + 38. Suppose -760 = -2*v - i*v. What is the units digit of v?
6
Let x(j) = -37327*j**3 - 14*j**2 - 3*j - 2. What is the hundreds digit of x(-1)?
3
Let o(u) = -2*u + 54. Let l be o(26). Suppose -l*y - 5*t = -7*t - 700, -5*y - 2*t + 1757 = 0. What is the units digit of y?
1
Suppose -u + 6108 = -26*u + 67758. What is the tens digit of u?
6
Let h(b) = -b + 17. Let p be h(5). Let v = 46 - p. What is the tens digit of (-4233)/v*(-2)/3?
8
Suppose -t + 5*h + 4473 = -2615, -2*h = 3*t - 21315. What is the tens digit of t?
0
Let n(r) = r + 21. Let s be n(-19). Suppose 0 = -0*c + s*c - 10. Suppose 5*m + 0*h - 34 = h, 5*h + 30 = c*m. What is the units digit of m?
7
Suppose -4*m + 0*a = a - 239, 2*m + 3*a - 117 = 0. What is the units digit of (732/5)/(12/m) + 2?
4
Let l(a) = 21*a**2 - 5*a + 1289. What is the tens digit of l(-40)?
8
Suppose 3*q - 5*z = 40, 5*q - 35 = 2*z - 0*z. Suppose p = -2*p - q*m + 882, 0 = 4*p + m - 1193. What is the hundreds digit of p?
2
What is the thousands digit of ((-2)/(-6) + 56/12)*1223?
6
Let c = 12605 + -5850. Suppose -32354 + c = -23*p. What is the tens digit of p?
1
Let z(d) = -d**3 + 4*d**2 + 2*d + 6. Let x be z(5). Let o be 9/(-6)*(3 + 39/x). What is the units digit of ((-33)/o)/(12/(-128))?
6
Suppose -127*n + 7874077 + 913307 = 0. What is the ten thousands digit of n?
6
Suppose 5*l - 2*q = 2*q + 1027, -5*l - q + 1012 = 0. Let y = l - -128. What is the units digit of y?
1
Let k(d) = d**3 + 6*d**2 + 5*d + 4. Let z be k(-5). Let w(f) = 6*f**3 - f - 1. What is the hundreds digit of w(z)?
3
Suppose 0 = 113*f - 124*f + 426514. What is the hundreds digit of f?
7
Suppose 5*k = -5*o - 280, 2*o - k + 58 = o. Let l = -30 - o. Suppose l*j = 12*j + 1605. What is the tens digit of j?
0
Suppose -8852 - 100876 = -18*a. What is the thousands digit of a?
6
Suppose 0 = 108*m - 70*m - 1271480. What is the ten thousands digit of m?
3
Suppose 3*r = 101 + 67. Suppose 9*u - 222 = 5*n + 8*u, 0 = 3*n - 2*u + 136. Let a = r - n. What is the units digit of a?
0
Suppose 0 = 3*x - 6*x + 12. Let o(s) = 310*s - 9. What is the hundreds digit of o(x)?
2
Suppose 0 = -q + 258 - 180. Suppose 3*s - 1245 = -q. What is the tens digit of s?
8
Suppose -5*i - 2*t = -59593 + 14293, -5*t + 45300 = 5*i. What is the tens digit of i?
6
Suppose 0 = -8*x + 69672 - 14576. Suppose i = -3*i + 4*u + 6888, 4*i = 3*u + x. What is the hundreds digit of i?
7
Let w(d) = 2*d - 2. Let o be w(-1). Let s be (6 + -2)*2/o. What is the units digit of (-1)/(-2) - 143/s?
2
Let o = 76 - 37. Let m be 3/(9/(-79))*o. What is the units digit of m/(-65) - (-1)/5*1?
6
Let f(d) = 12*d**3 - 127*d**2 - 7*d - 15. What is the hundreds digit of f(16)?
5
What is the ten thousands digit of 477368721/10013 - (-4)/38?
4
Let p(k) = 10*k + 62. Let y be p(16). Suppose 0 = -3*n - 3*i - 399, -i - 16 = 3*i. Let l = y + n. What is the units digit of l?
3
Let h be (-12)/(-44) - (-8370)/(-198). Suppose 2*x + 440 + 458 = 0. What is the tens digit of (-7)/h + x/(-6)?
7
Let h(w) = -4 - 3*w**3 - 213*w**2 + 4*w**3 + 26 + 230*w**2 - 22*w. What is the tens digit of h(-16)?
3
Let w(j) be the third derivative of 0*j + 11*j**2 - 5/6*j**4 + 0 - 37/6*j**3. What is the tens digit of w(-12)?
0
Let b = 264 - 284. What is the tens digit of (-16)/b + (-18)/(-15)*911?
9
Let y(f) = -15251*f - 228. What is the ten thousands digit of y(-2)?
3
Suppose -18*z + 9088 = -12332. Suppose 5*t + f = z, -5*f - 670 = -4*t + 282. What is the hundreds digit of t?
2
Let o(v) be the first derivative of -v**4/2 + v**3 - v**2/2 + 11*v + 148. What is the units digit of o(-4)?
1
Let h(y) = 143*y**2 + 166*y + 1626. What is the units digit of h(-11)?
3
Let h(m) be the second derivative of m**4/4 + 2*m**3/3 + 23*m**2/2 + 21*m. What is the tens digit of h(-7)?
4
Let v(d) = 23*d**2 + 10*d + 38. Let y be v(-3). Suppose 60*o - 65*o + y = 0. What is the units digit of o?
3
Let t = -19123 - -57324. What is the hundreds digit of t?
2
Let c be (-96)/(-21) - 15/(-35). Suppose 2*k + c*p = -0*k - 218, -3*k - 340 = p. Let j = -80 - k. What is the units digit of j?
4
Let o(x) = 2*x**2 - 19*x - 3. Suppose 8*r + 3*n + 5 = 9*r, -20 = 4*n. What is the tens digit of o(r)?
8
Let d(i) be the second derivative of 197*i**3/2 + 23*i**2/2 - 11*i + 1. What is the tens digit of d(2)?
0
Suppose 5*g - 4*u = 996, 5*g + 8*u - 3*u - 1005 = 0. Suppose -5*j = -6640 + g. What is the units digit of j?
8
Let y be 2*2 + (-18)/9*1. Suppose -3*x = y*z - 866, -21*x = -5*z - 17*x + 2142. What is the units digit of z?
0
Suppose -k + 2*g + 3801 = 0, -5*g + 9*g = -16. What is the units digit of k?
3
Suppose 0 = 16715*a - 16732*a + 934966. What is the tens digit of a?
9
Let m(k) = 6*k**2 - 3*k - 3. Let s = -8 - -8. Suppose -1 = l, 0 = -2*u - l - s + 3. What is the units digit of m(u)?
5
What is the tens digit of (20408/20)/((52/(-10))/(-13))?
5
Suppose -2*h - 7276 + 2756 = -6*h. Suppose 5*f - 3*f = 12. Suppose -b - h = -f*b. What is the tens digit of b?
2
Let k(g) = 901*g**2 + 7*g - 1. Let s be k(1). Suppose s + 717 = 14*r. What is the units digit of r?
6
Let v = -25 + 102. Let m = v - -65. What is the hundreds digit of m?
1
Let p(o) = -5*o**2 - 8*o - 15. Let v be p(-3). What is the tens digit of (-20184)/v - (-1)/3?
6
What is the units digit of 1 + -12 + 4601 + -11?
9
Let i = 4874 + -3325. What is the units digit of i?
9
What is the tens digit of 2943 + 2/10*0*(-1)/3?
4
Suppose -23*d = -45 - 1. What is the hundreds digit of (-192)/96*(1 + (-763)/d)?
7
Let h(x) = -8*x - 32. Suppose 5*q + 3*v = 2*v + 125, -3*v = 0. Let g be (44/(-55))/(2/q). What is the tens digit of h(g)?
4
What is the ten thousands digit of (1/((-5)/11291))/(66/(-330))?
1
Let g = 1162 + -1287. Suppose 0 = 5*y + 248 + 847. Let p = g - y. What is the units digit of p?
4
Suppose 84330 = 208*t - 178*t. What is the hundreds digit of t?
8
Suppose 3*c = -3*f + 4*f + 18, -3*c = 5*f - 18. Suppose 3*i + c*j - 2*j = 560, -i = -3*j - 165. What is the tens digit of i?
8
Let z(d) be the first derivative of d**3/3 - 17*d**2/2 - 4*d + 3. Let o(f) be the first derivative of z(f). What is the units digit of o(10)?
3
Let c(g) = -g**2 - g + 5. Let j be c(-2). Let u(r) = 6*r**3 + 3*r - 5. Let t be u(j). What is the units digit of -1*3/6*t/(-1)?
3
Let w(l) = 74*l + 94. What is the units digit of w(55)?
4
Suppose -3*l = 0, -12 = v - 5*v + l. Suppose 3*c = -4*j + 168, 5*c - v*j = -0*c + 309. What is the tens digit of (c/2)/(6/16 + 0)?
8
Suppose -2*x + 12 = 4. Let z be x + 0 + -3 + 131.